{"id":5860,"date":"2018-10-11T14:29:05","date_gmt":"2018-10-11T14:29:05","guid":{"rendered":"https:\/\/demo.wpzoom.com\/inspiro-video-xml\/?page_id=5860"},"modified":"2022-11-16T18:20:51","modified_gmt":"2022-11-16T18:20:51","slug":"homepage","status":"publish","type":"page","link":"https:\/\/max-von-laue-oberschule.de\/tag-der-offenen-tuer\/","title":{"rendered":"Homepage"},"content":{"rendered":"\n\n\t<h3>\n\t\t\t\t\tArbeitsbereiche an unserer Schule\n\t\t\t\t<\/h3>\n\t<h3>\n\t\t\t\t\tGru\u00dfworte der Schulleitung\n\t\t\t\t<\/h3>\n\tUm unsere Schule besser kennen zu lernen, w\u00e4re es eigentlich das beste, einfach mal vorbei zu kommen und sich alles von unseren Sch\u00fclern und Lehrern zeigen zu lassen. Nichts ist besser, als den Menschen direkt vor Ort zu begegnen und alles in Augenschein zu nehmen.\u00a0 Daf\u00fcr veranstalten wir allj\u00e4hrlich den <strong>&#8220;Tag der offenen T\u00fcr&#8221;.<br \/>\n<\/strong><br \/>\nLeider hat das <strong>Corona-Virus<\/strong> daf\u00fcr gesorgt, dass wir die diesj\u00e4hrige Veranstaltung nur Online durchf\u00fchren k\u00f6nnen. So entstand die Idee, unsere Schulf\u00e4cher und sonstigen Arbeitsbereiche in kurzen Videos vorzustellen. Sch\u00fcler, Lehrer und Sozialp\u00e4dagogen haben keine M\u00fche gescheut, um Euch einen multimedialen Eindruck von den verschiedenen Aktivit\u00e4ten an unserer Schule zu verschaffen.\n<p>Die Musik-AG hat die Videos f\u00fcr die Online-Publikation aufbereitet, Moderationen im Tonstudio aufgezeichnet und Musiken zur Verf\u00fcgung gestellt, mit denen viele der Videos musikalisch\u00a0 untermalt sind. Wer sich die vollst\u00e4ndigen Musiken &#8211; allesamt Produktionen von Sch\u00fclern unserer Schule &#8211; mal anh\u00f6ren m\u00f6chte, sollte unbedingt auch auf der Homepage der Musik-AG vorbeischauen.<\/p>\n\t<meta itemprop=\"url\" content=\"https:\/\/max-von-laue-oberschule.de\/tag-der-offenen-tuer\/wp-content\/uploads\/2022\/11\/Schulleitung.mp4\" \/><div style=\"width: 640px;\" class=\"wp-video\"><!--[if lt IE 9]><script>document.createElement('video');<\/script><![endif]-->\n<video class=\"wp-video-shortcode\" id=\"video-5860-1\" width=\"640\" height=\"360\" poster=\"https:\/\/max-von-laue-oberschule.de\/tag-der-offenen-tuer\/wp-content\/uploads\/2022\/11\/schulleitung-still.jpg\" preload=\"none\" controls=\"controls\"><source type=\"video\/mp4\" src=\"https:\/\/max-von-laue-oberschule.de\/tag-der-offenen-tuer\/wp-content\/uploads\/2022\/11\/Schulleitung.mp4?_=1\" \/><a href=\"https:\/\/max-von-laue-oberschule.de\/tag-der-offenen-tuer\/wp-content\/uploads\/2022\/11\/Schulleitung.mp4\">https:\/\/max-von-laue-oberschule.de\/tag-der-offenen-tuer\/wp-content\/uploads\/2022\/11\/Schulleitung.mp4<\/a><\/video><\/div>\n\t<p>Links zu den Anmeldeformularen, zur Homepage und zu allen sonstigen Informationen, die Ihr ben\u00f6tigt, um Sch\u00fcler unserer Schule zu werden, findet ihr in der Kopf- und Fu\u00dfzeile hier auf dieser Seite. Wir w\u00fcrden uns freuen, Euch bald an unserer Schule begr\u00fc\u00dfen zu d\u00fcrfen. Viel Spa\u00df beim durchst\u00f6bern der Videos !<\/p>\n\t<h2>\n\t\t\t\t\tCampus Impressionen\n\t\t\t\t<\/h2>\n\t\t\t<a href=\"https:\/\/max-von-laue-oberschule.de\/tag-der-offenen-tuer\/wp-content\/uploads\/2022\/11\/Campus-Impressionen.mp4\" role=\"button\">\n\t\t\t\t\t\tZum Video\n\t\t\t\t\t<\/a>\n\n","protected":false},"excerpt":{"rendered":"<p>Arbeitsbereiche an unserer Schule Gru\u00dfworte der Schulleitung Um unsere Schule besser kennen zu lernen, w\u00e4re es eigentlich das beste, einfach mal vorbei zu kommen und sich alles von unseren Sch\u00fclern und Lehrern zeigen zu lassen. Nichts ist besser, als den Menschen direkt vor Ort zu begegnen und alles in Augenschein [&hellip;]<\/p>\n","protected":false},"author":2,"featured_media":0,"parent":0,"menu_order":0,"comment_status":"closed","ping_status":"closed","template":"page-templates\/homepage-builder-bb.php","meta":{"footnotes":""},"_links":{"self":[{"href":"https:\/\/max-von-laue-oberschule.de\/tag-der-offenen-tuer\/wp-json\/wp\/v2\/pages\/5860"}],"collection":[{"href":"https:\/\/max-von-laue-oberschule.de\/tag-der-offenen-tuer\/wp-json\/wp\/v2\/pages"}],"about":[{"href":"https:\/\/max-von-laue-oberschule.de\/tag-der-offenen-tuer\/wp-json\/wp\/v2\/types\/page"}],"author":[{"embeddable":true,"href":"https:\/\/max-von-laue-oberschule.de\/tag-der-offenen-tuer\/wp-json\/wp\/v2\/users\/2"}],"replies":[{"embeddable":true,"href":"https:\/\/max-von-laue-oberschule.de\/tag-der-offenen-tuer\/wp-json\/wp\/v2\/comments?post=5860"}],"version-history":[{"count":92,"href":"https:\/\/max-von-laue-oberschule.de\/tag-der-offenen-tuer\/wp-json\/wp\/v2\/pages\/5860\/revisions"}],"predecessor-version":[{"id":6230,"href":"https:\/\/max-von-laue-oberschule.de\/tag-der-offenen-tuer\/wp-json\/wp\/v2\/pages\/5860\/revisions\/6230"}],"wp:attachment":[{"href":"https:\/\/max-von-laue-oberschule.de\/tag-der-offenen-tuer\/wp-json\/wp\/v2\/media?parent=5860"}],"curies":[{"name":"wp","href":"https:\/\/api.w.org\/{rel}","templated":true}]}}